[INFO] cloning repository https://github.com/EvanSeverson/QuadraticSieve
[INFO] running `Command { std: "git" "-c" "credential.helper=" "-c" "credential.helper=/workspace/cargo-home/bin/git-credential-null" "clone" "--bare" "https://github.com/EvanSeverson/QuadraticSieve" "/workspace/cache/git-repos/https%3A%2F%2Fgithub.com%2FEvanSeverson%2FQuadraticSieve", kill_on_drop: false }`
[INFO] [stderr] Cloning into bare repository '/workspace/cache/git-repos/https%3A%2F%2Fgithub.com%2FEvanSeverson%2FQuadraticSieve'...
[INFO] running `Command { std: "git" "rev-parse" "HEAD", kill_on_drop: false }`
[INFO] [stdout] bd025b6e2935dcef6f430a70ccb3ecf454b7dc0e
[INFO] checking EvanSeverson/QuadraticSieve against master#e6e4f7ed1589e03bc2f6c5931c1a72e7947e8682 for beta-170-4
[INFO] running `Command { std: "git" "clone" "/workspace/cache/git-repos/https%3A%2F%2Fgithub.com%2FEvanSeverson%2FQuadraticSieve" "/workspace/builds/worker-5-tc2/source", kill_on_drop: false }`
[INFO] [stderr] Cloning into '/workspace/builds/worker-5-tc2/source'...
[INFO] [stderr] done.
[INFO] validating manifest of git repo https://github.com/EvanSeverson/QuadraticSieve on toolchain e6e4f7ed1589e03bc2f6c5931c1a72e7947e8682
[INFO] running `Command { std: CARGO_HOME="/workspace/cargo-home" RUSTUP_HOME="/workspace/rustup-home" "/workspace/cargo-home/bin/cargo" "+e6e4f7ed1589e03bc2f6c5931c1a72e7947e8682" "metadata" "--manifest-path" "Cargo.toml" "--no-deps", kill_on_drop: false }`
[INFO] started tweaking git repo https://github.com/EvanSeverson/QuadraticSieve
[INFO] finished tweaking git repo https://github.com/EvanSeverson/QuadraticSieve
[INFO] tweaked toml for git repo https://github.com/EvanSeverson/QuadraticSieve written to /workspace/builds/worker-5-tc2/source/Cargo.toml
[INFO] crate git repo https://github.com/EvanSeverson/QuadraticSieve already has a lockfile, it will not be regenerated
[INFO] running `Command { std: CARGO_HOME="/workspace/cargo-home" RUSTUP_HOME="/workspace/rustup-home" "/workspace/cargo-home/bin/cargo" "+e6e4f7ed1589e03bc2f6c5931c1a72e7947e8682" "fetch" "--manifest-path" "Cargo.toml", kill_on_drop: false }`
[INFO] running `Command { std: "docker" "create" "-v" "/var/lib/crater-agent-workspace/builds/worker-5-tc2/target:/opt/rustwide/target:rw,Z" "-v" "/var/lib/crater-agent-workspace/builds/worker-5-tc2/source:/opt/rustwide/workdir:ro,Z" "-v" "/var/lib/crater-agent-workspace/cargo-home:/opt/rustwide/cargo-home:ro,Z" "-v" "/var/lib/crater-agent-workspace/rustup-home:/opt/rustwide/rustup-home:ro,Z" "-e" "SOURCE_DIR=/opt/rustwide/workdir" "-e" "CARGO_TARGET_DIR=/opt/rustwide/target" "-e" "CARGO_HOME=/opt/rustwide/cargo-home" "-e" "RUSTUP_HOME=/opt/rustwide/rustup-home" "-w" "/opt/rustwide/workdir" "-m" "1610612736" "--user" "0:0" "--network" "none" "ghcr.io/rust-lang/crates-build-env/linux@sha256:19e73879b68f455e41552ea35293514db52ea292d993f571636dbffedb77a1ee" "/opt/rustwide/cargo-home/bin/cargo" "+e6e4f7ed1589e03bc2f6c5931c1a72e7947e8682" "metadata" "--no-deps" "--format-version=1", kill_on_drop: false }`
[INFO] [stdout] b877444c04ae492aef35e5be0274544c1786794b2302120a386ece8deaaee628
[INFO] running `Command { std: "docker" "start" "-a" "b877444c04ae492aef35e5be0274544c1786794b2302120a386ece8deaaee628", kill_on_drop: false }`
[INFO] running `Command { std: "docker" "inspect" "b877444c04ae492aef35e5be0274544c1786794b2302120a386ece8deaaee628", kill_on_drop: false }`
[INFO] running `Command { std: "docker" "rm" "-f" "b877444c04ae492aef35e5be0274544c1786794b2302120a386ece8deaaee628", kill_on_drop: false }`
[INFO] [stdout] b877444c04ae492aef35e5be0274544c1786794b2302120a386ece8deaaee628
[INFO] running `Command { std: "docker" "create" "-v" "/var/lib/crater-agent-workspace/builds/worker-5-tc2/target:/opt/rustwide/target:rw,Z" "-v" "/var/lib/crater-agent-workspace/builds/worker-5-tc2/source:/opt/rustwide/workdir:ro,Z" "-v" "/var/lib/crater-agent-workspace/cargo-home:/opt/rustwide/cargo-home:ro,Z" "-v" "/var/lib/crater-agent-workspace/rustup-home:/opt/rustwide/rustup-home:ro,Z" "-e" "SOURCE_DIR=/opt/rustwide/workdir" "-e" "CARGO_TARGET_DIR=/opt/rustwide/target" "-e" "CARGO_INCREMENTAL=0" "-e" "RUST_BACKTRACE=full" "-e" "RUSTFLAGS=--cap-lints=forbid" "-e" "RUSTDOCFLAGS=--cap-lints=forbid" "-e" "CARGO_HOME=/opt/rustwide/cargo-home" "-e" "RUSTUP_HOME=/opt/rustwide/rustup-home" "-w" "/opt/rustwide/workdir" "-m" "1610612736" "--user" "0:0" "--network" "none" "ghcr.io/rust-lang/crates-build-env/linux@sha256:19e73879b68f455e41552ea35293514db52ea292d993f571636dbffedb77a1ee" "/opt/rustwide/cargo-home/bin/cargo" "+e6e4f7ed1589e03bc2f6c5931c1a72e7947e8682" "check" "--frozen" "--all" "--all-targets" "--message-format=json", kill_on_drop: false }`
[INFO] [stdout] 83c3ce071e2c9c4d35c0ca0e06d4cbbae7a134146a72340976c4240c7abc6281
[INFO] running `Command { std: "docker" "start" "-a" "83c3ce071e2c9c4d35c0ca0e06d4cbbae7a134146a72340976c4240c7abc6281", kill_on_drop: false }`
[INFO] [stderr]    Compiling autocfg v0.1.7
[INFO] [stderr]     Checking rand_core v0.4.2
[INFO] [stderr]    Compiling autocfg v1.0.1
[INFO] [stderr]    Compiling libc v0.2.81
[INFO] [stderr]     Checking rand_core v0.3.1
[INFO] [stderr]     Checking rand_jitter v0.1.4
[INFO] [stderr]     Checking rand_isaac v0.1.1
[INFO] [stderr]     Checking rand_hc v0.1.0
[INFO] [stderr]     Checking rand_xorshift v0.1.1
[INFO] [stderr]    Compiling rand_pcg v0.1.2
[INFO] [stderr]    Compiling rand_chacha v0.1.1
[INFO] [stderr]    Compiling rand v0.6.5
[INFO] [stderr]    Compiling num-traits v0.2.14
[INFO] [stderr]    Compiling num-integer v0.1.44
[INFO] [stderr]     Checking rand_os v0.1.3
[INFO] [stderr]     Checking quadratic_sieve v0.1.0 (/opt/rustwide/workdir)
[INFO] [stdout] error[E0583]: file not found for module `U512`
[INFO] [stdout]  --> src/main.rs:1:1
[INFO] [stdout]   |
[INFO] [stdout] 1 | mod U512;
[INFO] [stdout]   | ^^^^^^^^^
[INFO] [stdout]   |
[INFO] [stdout]   = help: to create the module `U512`, create file "src/U512.rs" or "src/U512/mod.rs"
[INFO] [stdout] 
[INFO] [stdout] 
[INFO] [stdout] error[E0583]: file not found for module `U512`
[INFO] [stdout]  --> src/main.rs:1:1
[INFO] [stdout]   |
[INFO] [stdout] 1 | mod U512;
[INFO] [stdout]   | ^^^^^^^^^
[INFO] [stdout]   |
[INFO] [stdout]   = help: to create the module `U512`, create file "src/U512.rs" or "src/U512/mod.rs"
[INFO] [stdout] 
[INFO] [stdout] 
[INFO] [stdout] error[E0425]: cannot find function `fromArray` in module `U512`
[INFO] [stdout]   --> src/main.rs:15:25
[INFO] [stdout]    |
[INFO] [stdout] 15 |     let mut sum = U512::fromArray([0,0,0,0,0,0,0,0]);
[INFO] [stdout]    |                         ^^^^^^^^^ not found in `U512`
[INFO] [stdout] 
[INFO] [stdout] 
[INFO] [stdout] error[E0425]: cannot find function `fromArray` in module `U512`
[INFO] [stdout]   --> src/main.rs:21:24
[INFO] [stdout]    |
[INFO] [stdout] 21 |         let v1 = U512::fromArray([
[INFO] [stdout]    |                        ^^^^^^^^^ not found in `U512`
[INFO] [stdout] 
[INFO] [stdout] 
[INFO] [stdout] error[E0425]: cannot find function `fromArray` in module `U512`
[INFO] [stdout]   --> src/main.rs:31:24
[INFO] [stdout]    |
[INFO] [stdout] 31 |         let v2 = U512::fromArray([
[INFO] [stdout]    |                        ^^^^^^^^^ not found in `U512`
[INFO] [stdout] 
[INFO] [stdout] 
[INFO] [stdout] warning: unused import: `std::io`
[INFO] [stdout]  --> src/main.rs:3:5
[INFO] [stdout]   |
[INFO] [stdout] 3 | use std::io;
[INFO] [stdout]   |     ^^^^^^^
[INFO] [stdout]   |
[INFO] [stdout]   = note: `#[warn(unused_imports)]` on by default
[INFO] [stdout] 
[INFO] [stdout] 
[INFO] [stdout] warning: unused import: `std::str::FromStr`
[INFO] [stdout]  --> src/main.rs:4:5
[INFO] [stdout]   |
[INFO] [stdout] 4 | use std::str::FromStr;
[INFO] [stdout]   |     ^^^^^^^^^^^^^^^^^
[INFO] [stdout] 
[INFO] [stdout] 
[INFO] [stdout] warning: unused imports: `Integer`, `Roots`
[INFO] [stdout]  --> src/main.rs:5:19
[INFO] [stdout]   |
[INFO] [stdout] 5 | use num_integer::{Roots, Integer};
[INFO] [stdout]   |                   ^^^^^  ^^^^^^^
[INFO] [stdout] 
[INFO] [stdout] 
[INFO] [stdout] warning: unused imports: `Num`, `One`, `Zero`
[INFO] [stdout]  --> src/main.rs:7:18
[INFO] [stdout]   |
[INFO] [stdout] 7 | use num_traits::{Num, One, Zero};
[INFO] [stdout]   |                  ^^^  ^^^  ^^^^
[INFO] [stdout] 
[INFO] [stdout] 
[INFO] [stdout] warning: unused import: `std::ops::Mul`
[INFO] [stdout]  --> src/main.rs:9:5
[INFO] [stdout]   |
[INFO] [stdout] 9 | use std::ops::Mul;
[INFO] [stdout]   |     ^^^^^^^^^^^^^
[INFO] [stdout] 
[INFO] [stdout] 
[INFO] [stdout] error[E0425]: cannot find function `fromArray` in module `U512`
[INFO] [stdout]   --> src/main.rs:15:25
[INFO] [stdout]    |
[INFO] [stdout] 15 |     let mut sum = U512::fromArray([0,0,0,0,0,0,0,0]);
[INFO] [stdout]    |                         ^^^^^^^^^ not found in `U512`
[INFO] [stdout] 
[INFO] [stdout] 
[INFO] [stdout] error[E0425]: cannot find function `fromArray` in module `U512`
[INFO] [stdout]   --> src/main.rs:21:24
[INFO] [stdout]    |
[INFO] [stdout] 21 |         let v1 = U512::fromArray([
[INFO] [stdout]    |                        ^^^^^^^^^ not found in `U512`
[INFO] [stdout] 
[INFO] [stdout] 
[INFO] [stdout] error[E0425]: cannot find function `fromArray` in module `U512`
[INFO] [stdout]   --> src/main.rs:31:24
[INFO] [stdout]    |
[INFO] [stdout] 31 |         let v2 = U512::fromArray([
[INFO] [stdout]    |                        ^^^^^^^^^ not found in `U512`
[INFO] [stdout] 
[INFO] [stdout] 
[INFO] [stdout] warning: unused import: `std::io`
[INFO] [stdout]  --> src/main.rs:3:5
[INFO] [stdout]   |
[INFO] [stdout] 3 | use std::io;
[INFO] [stdout]   |     ^^^^^^^
[INFO] [stdout]   |
[INFO] [stdout]   = note: `#[warn(unused_imports)]` on by default
[INFO] [stdout] 
[INFO] [stdout] 
[INFO] [stdout] warning: unused import: `std::str::FromStr`
[INFO] [stdout]  --> src/main.rs:4:5
[INFO] [stdout]   |
[INFO] [stdout] 4 | use std::str::FromStr;
[INFO] [stdout]   |     ^^^^^^^^^^^^^^^^^
[INFO] [stdout] 
[INFO] [stdout] 
[INFO] [stdout] warning: unused imports: `Integer`, `Roots`
[INFO] [stdout]  --> src/main.rs:5:19
[INFO] [stdout]   |
[INFO] [stdout] 5 | use num_integer::{Roots, Integer};
[INFO] [stdout]   |                   ^^^^^  ^^^^^^^
[INFO] [stdout] 
[INFO] [stdout] 
[INFO] [stdout] warning: unused imports: `Num`, `One`, `Zero`
[INFO] [stdout]  --> src/main.rs:7:18
[INFO] [stdout]   |
[INFO] [stdout] 7 | use num_traits::{Num, One, Zero};
[INFO] [stdout]   |                  ^^^  ^^^  ^^^^
[INFO] [stdout] 
[INFO] [stdout] 
[INFO] [stdout] warning: unused import: `std::ops::Mul`
[INFO] [stdout]  --> src/main.rs:9:5
[INFO] [stdout]   |
[INFO] [stdout] 9 | use std::ops::Mul;
[INFO] [stdout]   |     ^^^^^^^^^^^^^
[INFO] [stdout] 
[INFO] [stdout] 
[INFO] [stdout] error: aborting due to 4 previous errors; 5 warnings emitted
[INFO] [stdout] 
[INFO] [stdout] 
[INFO] [stdout] Some errors have detailed explanations: E0425, E0583.
[INFO] [stdout] 
[INFO] [stdout] error: aborting due to 4 previous errors; 5 warnings emitted
[INFO] [stdout] 
[INFO] [stdout] 
[INFO] [stdout] For more information about an error, try `rustc --explain E0425`.
[INFO] [stdout] 
[INFO] [stdout] Some errors have detailed explanations: E0425, E0583.
[INFO] [stdout] 
[INFO] [stdout] For more information about an error, try `rustc --explain E0425`.
[INFO] [stdout] 
[INFO] [stderr] error: could not compile `quadratic_sieve` (bin "quadratic_sieve" test) due to 5 previous errors; 5 warnings emitted
[INFO] [stderr] warning: build failed, waiting for other jobs to finish...
[INFO] [stderr] error: could not compile `quadratic_sieve` (bin "quadratic_sieve") due to 5 previous errors; 5 warnings emitted
[INFO] running `Command { std: "docker" "inspect" "83c3ce071e2c9c4d35c0ca0e06d4cbbae7a134146a72340976c4240c7abc6281", kill_on_drop: false }`
[INFO] running `Command { std: "docker" "rm" "-f" "83c3ce071e2c9c4d35c0ca0e06d4cbbae7a134146a72340976c4240c7abc6281", kill_on_drop: false }`
[INFO] [stdout] 83c3ce071e2c9c4d35c0ca0e06d4cbbae7a134146a72340976c4240c7abc6281
